t is the units digit of r?
4
Suppose -386 = -h - 71. What is the hundreds digit of h?
3
Suppose 11 + 4 = g. Suppose 4*q - 25 = g. What is the units digit of q?
0
Let o(r) = 78*r + 32. What is the tens digit of o(4)?
4
Let l(h) = 2*h - 2. Let b = -4 + 8. Let f be l(b). What is the tens digit of ((-15)/10)/(f/(-56))?
1
What is the tens digit of (-55)/(-1*(-1 + 2))?
5
Let i(j) = -j**3 - 4*j**2 - j - 5. What is the units digit of i(-5)?
5
Let u(f) be the third derivative of f**6/360 - f**5/60 - f**4/24 - f**3/2 + f**2. Let n(a) be the first derivative of u(a). What is the tens digit of n(-3)?
1
Let r(j) = -j**3 - j**2 - j - 1. Suppose -11 = 4*g - 31. Let k(c) = -6*c**3 - 11*c**2 - 7*c - 8. Let w(o) = g*r(o) - k(o). What is the units digit of w(-5)?
8
Let z = 173 - 18. What is the units digit of z?
5
What is the hundreds digit of (-2164)/(-6) + ((-4)/(-6))/(-1)?
3
Let x be ((-20)/(-6))/(2/6). Let c = 21 - x. What is the units digit of c?
1
Let d(f) = -2*f**3 - 5*f**2 - 2*f + 1. Let w be 2/(-5) + 13/(-5). What is the tens digit of d(w)?
1
Let l(h) = 2*h**2 + 3*h + 6. What is the tens digit of l(-5)?
4
Suppose -2*g + 4*r = 5*r + 15, -g + 15 = 5*r. What is the tens digit of 75/7 + g/(-35)?
1
Let p be (-42)/(-9) - 3/(-9). Let k = p + -3. Suppose -2*j - 2 = -3*w - 4*j, -8 = -2*w + k*j. What is the units digit of w?
2
Let d be (-2 + 0 + 2)/(-1). Let i(k) = 4*k + d - 5*k + 8. What is the units digit of i(7)?
1
Let m(n) = -n**3 + 8*n**2 - 4*n - 7. Let g be m(7). Suppose 4*l = -z + 10 + g, 0 = -4*l + 20. What is the units digit of z?
4
Suppose -3*p = 2*p - 15. Suppose -p*n - 4 = -5*n. What is the units digit of n?
2
Let u(l) = -l**2 - 6*l + 3. Let b be u(-7). Let f(r) = 0 + 0*r - 4*r - r**2 + 1 + 4. What is the units digit of f(b)?
5
Let s = -4 + 10. Suppose -4*o + s = -4*g + 26, -2*o = -5*g + 22. What is the units digit of g?
4
Let c = -6 - -3. What is the units digit of -6*(c - -1) + -3?
9
Suppose -3*k - 3*o - 3 = 0, 9*k - 4*k - 3*o + 29 = 0. What is the tens digit of (-1)/((16/124)/k)?
3
Let o = 114 + -63. Suppose 4*i = 4*q + o + 13, -5*i + 75 = -4*q. What is the units digit of i?
1
Let g(u) = u**2 - 9*u + 11. Let a be g(8). Suppose 4*i = 2*h + 116, -a*i = -0*i - 4*h - 77. What is the tens digit of i?
3
Suppose 4*m + 4 = 16. Suppose -m*n = 27 - 81. What is the units digit of n?
8
What is the tens digit of (-8)/(-2) - (4 - 60)?
6
Suppose -q + 4*q + 6 = -3*v, 11 = 5*q - 2*v. Let n(y) = 8*y**3 - 2*y**2 + 1. What is the units digit of n(q)?
7
Let g(p) = -6*p - 12. What is the units digit of g(-10)?
8
Suppose -5*b = -18 - 7. Suppose -4*m + 22 = 2*r, -2*r - b*m = 8 - 26. What is the tens digit of r?
1
What is the units digit of (-141)/(-9) - 2/(-6)?
6
Suppose s + w = 23, -2*w - 95 = -5*s - 3*w. What is the tens digit of s?
1
Let r = 8 + -5. What is the units digit of (2/(-3))/(r/(-27))?
6
Let p(l) = -l**3 + 4*l**2 - l - 2. Let c be p(3). Suppose 0 = -3*g - 2*v + 20 - c, 4*v = 3*g - 4. Suppose 5*j - g*j = 9. What is the units digit of j?
9
Let o = 0 - 6. Let a = o - -11. Suppose -16 = -l - a. What is the units digit of l?
1
Suppose 5*v - 136 = -3*y, y = v - 4*y - 44. Let r = v + -17. What is the units digit of r?
2
What is the units digit of (-10)/15 + (-130)/(-6)?
1
What is the tens digit of (-21)/(-2) - ((-35)/(-10) + -5)?
1
What is the tens digit of (-4)/14 - (-144)/14?
1
Suppose -c + 5*c + 4*p - 12 = 0, -2*c - 5*p = -12. Let j = 1 + c. What is the units digit of j?
2
What is the units digit of 271*2/3 - 55/(-165)?
1
Suppose 4*w - 3*n - 25 = 0, 0*w - w = -5*n - 19. Suppose -9*q + 3*q + 192 = 0. Suppose 0 = x - 4*t - q - 4, 0 = -w*x + 2*t + 74. What is the tens digit of x?
1
Let b = -4 + 6. Suppose 2*d - 30 = 5*x, 2*d + x + b*x - 14 = 0. What is the units digit of d?
0
Let t(v) = -5*v**3 - 2*v**2 + v. Let l be t(1). Let a = 4 + -7. Let u = a - l. What is the units digit of u?
3
Suppose -13 + 4 = -3*g. Suppose -2*k + 20 = j, g*j - 38 = k - 13. What is the units digit of 2/(-2) + j/2?
4
Let d be (25/30)/(1/6). Let z = 11 - 3. Suppose -d*t + z = -t. What is the units digit of t?
2
Suppose 4*u + 4*g = 72, -5*g + g = 0. Let y = u + -3. Let p = y + -11. What is the units digit of p?
4
Suppose -5*l + 534 = 5*f - 681, -l + f = -241. What is the tens digit of l?
4
Suppose -5*k = -4*a + 14, -2*a - 2 + 4 = 0. Let g = -3 - -6. Let c = g + k. What is the units digit of c?
1
Let k(y) = -y**3 + 3*y**2 + 2*y - 1. Let c be k(3). Suppose -4 = c*r + 1. Let o = 2 + r. What is the units digit of o?
1
Let v(o) = -o**3 - 8*o**2 - 4*o + 4. What is the tens digit of v(-8)?
3
Let y be 3 + 0*3/6. Suppose -j + y*j = 12. Suppose j*c = 3*c + 21. What is the units digit of c?
7
Suppose -2*h - 10 = -5*o + 7, -4*h - 4*o + 8 = 0. Let r be (26 + -2)/3*h. Let a = r + 13. What is the units digit of a?
5
Let u = -5 - -5. Suppose -d - d + 2*y - 2 = u, -d + 2*y - 4 = 0. Let x(f) = -f**3 + 4*f**2 - 2*f. What is the units digit of x(d)?
4
Let l = 226 + -194. What is the units digit of l?
2
Let k(z) = -4 - 2*z**2 - 2*z**2 + 4*z**3 + z**3 - 6*z**3 - 3*z. What is the units digit of k(-5)?
6
What is the units digit of ((-6)/4)/((-5)/70)?
1
Let a be 3/(-6)*(3 - 1). Suppose 2*o = 6, -c - c = o - 25. Let k = c + a. What is the units digit of k?
0
Suppose 3*n + 106 = -14. Let d be ((-12)/(-10))/((-12)/n). Suppose t - d = -t. What is the units digit of t?
2
Let x = -100 + 153. What is the units digit of x?
3
Suppose 5 + 0 = 5*m. Let y be -2 - 4*(-1)/m. Let p = y + 2. What is the units digit of p?
4
Let m(t) = -t**3 - 5*t**2 + 4*t + 9. Let o be m(-6). What is the tens digit of 396/14 + (-6)/o?
2
Suppose -3*g = -8*g + 25. Suppose 42 = g*h + 12. What is the units digit of h?
6
Suppose -2*i - 6 = -8. Suppose -g + 1 + i = 0. Suppose -g*z - 2*m = -4, -2*m + 5 = 4*z - 9. What is the units digit of z?
5
Suppose -13 = -2*o + 139. What is the units digit of o?
6
Suppose 37 + 47 = -4*s. Let v = s + 31. What is the units digit of v?
0
Suppose 0 = -4*z - q - 23, -q = -z + 2*q - 22. Let a(v) = 2*v**2 + 8*v + 12. What is the tens digit of a(z)?
5
Suppose -38 = -3*q - 2*f + 18, -3*q = -4*f - 50. Let t(p) = -5*p - 4. Let h be t(-3). Let i = q - h. What is the units digit of i?
7
Suppose 3*q = -3*z + 6, 0 = -z + 2*q - 5*q - 4. Let f be (-2)/(-4)*0/z. Suppose f + 17 = 2*a + 3*r, 3*r = 3*a - 18. What is the units digit of a?
7
Suppose -f = -2*f + 2. Suppose -3 + 7 = f*x. What is the units digit of (-10 + x)*(2 + -3)?
8
Let y(k) = k**2 + k - 1. Let b = 2 - 4. Let v be y(b). Suppose 2 = n - v. What is the units digit of n?
3
Let z be (-2)/((-4)/6*1). Let g = 8 - 2. Suppose g - 27 = -z*f. What is the units digit of f?
7
What is the units digit of (-1)/(4 + (-916)/228)?
7
Let r(p) = -p**3 + 6*p**2 - 5*p + 1. Let c be r(4). Let a = c + -1. What is the tens digit of a?
1
Let z = 34 + 20. Let u = z - 32. What is the tens digit of u?
2
Suppose 1 = 2*d - p, -5*p = -5*d - 0 + 5. Suppose 2*s - 356 - 52 = d. What is the units digit of (2/(-6))/((-4)/s)?
7
Let g(s) = -s + 9. Let m = 1 + 4. Let u be g(m). Suppose u*q - 2 = 3*q. What is the units digit of q?
2
Let y(n) = -2*n + 93. What is the tens digit of y(0)?
9
Suppose 0*w = -w + 58. Suppose -3*s + w = -s + 4*z, z + 78 = 2*s. What is the units digit of s?
7
Let a(f) = 3*f**2 - 7*f + 9. Let b(k) = -2*k - 10. Let l be b(-7). What is the units digit of a(l)?
9
Let i(f) = -4*f + 2*f**2 + 5*f**2 - 6*f**2 - 1. What is the tens digit of i(-4)?
3
Let x = 5 + -5. Suppose 0 = -x*s + 2*s - 22. What is the units digit of s?
1
Suppose -10*t - 97 = -11*t. What is the units digit of t?
7
Suppose -4*l - 4 = -2*n, -2 - 3 = -5*l. Suppose 5 = n*k - 3. Let i(y) = y**3 - y**2 - y. What is the units digit of i(k)?
2
Let t = -19 - -21. Suppose -t*o - 115 = -7*o. What is the tens digit of o?
2
Let l(m) = m - 4. Let z be l(-4). Let n = 11 - z. What is the tens digit of n?
1
Let m = -6 + 4. Let k be (2 - m)/((-6)/33). Let d = k - -40. What is the units digit of d?
8
Let w(i) = -i**3 + i**2 + i + 12. What is the units digit of w(-5)?
7
Let h be 2/(10/(-6) - -1). What is the units digit of (8 - 10)*h/2?
3
Let l(t) = 18*t + 4. Let i be l(3). Suppose 5*d - 89 + 19 = 5*u, u = -3*d + i. Suppose -2*r + 4*a + 36 - 10 = 0, -2*r = 4*a - d. What is the tens digit of r?
1
Suppose -5*t = -k - 0*k - 655, 0 = -5*t + 3*k + 66